{"id":65,"date":"2016-12-05T17:14:17","date_gmt":"2016-12-05T16:14:17","guid":{"rendered":"http:\/\/ehca.aau.at\/?page_id=65"},"modified":"2018-10-11T15:28:24","modified_gmt":"2018-10-11T13:28:24","slug":"ueber-uns","status":"publish","type":"page","link":"http:\/\/www.ehca.at\/?page_id=65","title":{"rendered":"\u00dcber uns"},"content":{"rendered":"<p>Am 21.3.2016 wurde der Environmental History Cluster Austria (EHCA) als universit\u00e4ts\u00fcbergreifender Forschungscluster umwelthistorischer ForscherInnen in \u00d6sterreich gegr\u00fcndet. Zurzeit besteht der EHCA aus Mitgliedern der Universit\u00e4ten Innsbruck, Linz und Salzburg, dem Institut f\u00fcr Geschichte des l\u00e4ndlichen Raums\/St. P\u00f6lten, der Universit\u00e4t f\u00fcr Bodenkultur\/Wien und der \u00d6sterreichischen Akademie der Wissenschaften.<\/p>\n<p>Der EHCA versteht sich als offenes Forum vor allem auch f\u00fcr die Vernetzung und F\u00f6rderung des wissenschaftlichen Nachwuchses. EHCA wurde mit dem Ziel gegr\u00fcndet, die Zusammenarbeit der verschiedenen Institutionen in \u00d6sterreich, die umwelthistorische Forschungen betreiben, zu verst\u00e4rken. Wir w\u00fcrden uns sehr freuen, Sie im EHCA begr\u00fc\u00dfen zu d\u00fcrfen.<\/p>\n<p>Wir informieren in unserem NEWS-Bereich \u00fcber f\u00fcr die \u00f6sterreichische Umweltgeschichte interessante Veranstaltungen, Lehrangebote und mehr. Wir freuen uns, wenn Sie unser Newsservice abonnieren.<\/p>\n<p>EHCA ist stimmberechtigtes Mitglied von ICEHO <a href=\"http:\/\/www.iceho.org\/\">[http:\/\/www.iceho.org\/]<\/a>.<\/p>\n<p>&nbsp;<\/p>\n<div class=\"edit-link\"><a class=\"post-edit-link\" href=\"\">edit<\/a><\/div>","protected":false},"excerpt":{"rendered":"<p>Am 21.3.2016 wurde der Environmental History Cluster Austria (EHCA) als universit\u00e4ts\u00fcbergreifender Forschungscluster umwelthistorischer ForscherInnen in \u00d6sterreich gegr\u00fcndet. Zurzeit besteht der EHCA aus Mitgliedern der Universit\u00e4ten Innsbruck, Linz und Salzburg, dem Institut f\u00fcr Geschichte des l\u00e4ndlichen Raums\/St. P\u00f6lten, der Universit\u00e4t f\u00fcr Bodenkultur\/Wien und der&#8230;<\/p>\n","protected":false},"author":3,"featured_media":0,"parent":0,"menu_order":0,"comment_status":"closed","ping_status":"closed","template":"","meta":{"footnotes":""},"class_list":["post-65","page","type-page","status-publish","hentry"],"_links":{"self":[{"href":"http:\/\/www.ehca.at\/index.php?rest_route=\/wp\/v2\/pages\/65","targetHints":{"allow":["GET"]}}],"collection":[{"href":"http:\/\/www.ehca.at\/index.php?rest_route=\/wp\/v2\/pages"}],"about":[{"href":"http:\/\/www.ehca.at\/index.php?rest_route=\/wp\/v2\/types\/page"}],"author":[{"embeddable":true,"href":"http:\/\/www.ehca.at\/index.php?rest_route=\/wp\/v2\/users\/3"}],"replies":[{"embeddable":true,"href":"http:\/\/www.ehca.at\/index.php?rest_route=%2Fwp%2Fv2%2Fcomments&post=65"}],"version-history":[{"count":6,"href":"http:\/\/www.ehca.at\/index.php?rest_route=\/wp\/v2\/pages\/65\/revisions"}],"predecessor-version":[{"id":502,"href":"http:\/\/www.ehca.at\/index.php?rest_route=\/wp\/v2\/pages\/65\/revisions\/502"}],"wp:attachment":[{"href":"http:\/\/www.ehca.at\/index.php?rest_route=%2Fwp%2Fv2%2Fmedia&parent=65"}],"curies":[{"name":"wp","href":"https:\/\/api.w.org\/{rel}","templated":true}]}}